9
Let t(m) = -m**3 + 7*m**2 - 27*m + 218. Let a be t(6). Calculate the highest common factor of 9407 and a.
23
Let n be 156*(0 - (-2)/4). Let d(v) = v**3 - 3*v**2 - 12*v + 49. Let p be d(8). What is the highest common divisor of p and n?
39
Suppose 12*n + 2*o - 6818 = 8*n, 4*o - 5116 = -3*n. What is the highest common divisor of n and 72?
24
Suppose 3*z = 0, -108*u + 107*u + 9 = -4*z. Let p = 3 - 3. Let a be 0 - -97 - (-2 + p). What is the greatest common factor of u and a?
9
Let r be 266/24 + 13/1248*-8. What is the highest common divisor of r and 671?
11
Suppose 3*n + 46 = -2*u, -n - 4 = 3*u + 9. Let x be 66/(1 + 10/n). What is the highest common divisor of x and 64?
16
Let q be 10412/171 + (-5 - 92/(-18)). What is the greatest common factor of q and 7747?
61
Let r = -473 + 536. Suppose 0 = -0*w + 2*w - 36. Calculate the highest common factor of r and w.
9
Let o be 7 + (-6 + 5 - -11). Suppose -4*u - 3*d = -45, -5*u + 22*d - o*d = -65. Calculate the highest common factor of u and 372.
12
Let j = -275 - -275. Suppose 4*g = 3*r + 2*g - 130, -3*r + 5*g + 136 = j. Calculate the highest common factor of 147 and r.
21
Suppose 124*a = 519*a - 38710. Calculate the highest common factor of 23 and a.
1
Suppose -3*x + 8*q + 30483 = 11*q, 5*x - 50823 = q. Calculate the greatest common divisor of x and 42.
42
Let p be (2 + (-2)/1)/(23 - 22). Let o be (1 - p)*(-3069)/(-11). What is the greatest common divisor of o and 9?
9
Let l = 12479 + -12349. Let k = -3 + 13. What is the greatest common divisor of l and k?
10
Let q be (-1 - 5/(-10)) + (-2)/4. Let o(a) = 70*a - 266*a - 13*a + 0 + 1. Let c be o(q). Calculate the highest common divisor of c and 35.
35
Suppose 5*o + k = 4*k + 81, -2*k - 79 = -5*o. Suppose o*f - 1378 = 827. Calculate the highest common divisor of 84 and f.
21
Suppose n + 3 = 4. Suppose -4*f + 4*l = -8, -15 = -2*f - l + 1. Suppose f*k + 256 - 280 = 0. Calculate the highest common factor of k and n.
1
Suppose -l - 6 = -3*n, 0 = -n - 2*l + 6*l + 2. Suppose -3*u + 2*d - 17 = -19, -n*d = -10. Calculate the highest common divisor of u and 196.
4
Suppose -1 = -3*c + 23. Suppose 7*j = 41 - 27. Let f(x) = 26*x + 4. Let g be f(j). What is the highest common divisor of g and c?
8
Let c(p) = -3*p - 1. Let r be c(-2). Let b be (-8)/(-5) + (-1)/(r/(-2)). Let x be b/4 + 180/24. What is the greatest common divisor of x and 72?
8
Let r = -31 + 34. Let v be ((-1190)/(-15) + 3)*(r + 0). What is the greatest common divisor of v and 13?
13
Let j be -4 + 177/3 + -1. Suppose -j = -35*w + 34*w. Suppose 2 = -f + t + 6, -3*f - 2*t = -22. What is the highest common factor of f and w?
6
Suppose m = -x - 218, -3*x + 1130 = -5*m - 0*x. Let z = m + 275. What is the greatest common divisor of 130 and z?
26
Let v = -512 + 521. Let r be 33 - 1*27/v. What is the highest common factor of r and 160?
10
Suppose 35*j = -44*j - 7*j + 251206. What is the highest common factor of j and 92?
23
Let a = 147 - 143. Suppose 3*i = -3*f + 78, 3*f + a*i = -0*i + 80. Suppose -5*h = -y - 37, 3*h + 5*y - 39 = -0*y. What is the highest common factor of h and f?
8
Suppose 9*h - 326 - 124 = 0. Calculate the greatest common divisor of h and 325.
25
Let a(m) = 6*m - 159. Let o be a(27). Suppose -5*d + o*h - 15 = -87, 0 = -5*h + 5. What is the greatest common divisor of d and 24?
3
Let l = -12 - -16. Suppose 4*h - 4 = u - 0, u + 4 = -2*h. Let x be (3 - -10)/((l - h)/8). What is the highest common factor of 65 and x?
13
Let y(c) = 2*c**2 - 8*c + 12. Let m be y(10). Suppose -69 + 21 = 6*f. Let h(g) = 3*g + 36. Let b be h(f). Calculate the highest common divisor of m and b.
12
Suppose 4*p = -12, 3*j - 968 = 4*p + 1777. Suppose 0 = -11*y - 207 + j. Let b be (1 + 3)*(-1 + 3). Calculate the highest common factor of y and b.
8
Let q(o) = o**3 + 9*o**2 + 5*o - 10. Let a be q(-8). Let r be 37/(3700/240) + 4/(-10). What is the highest common factor of r and a?
2
Let y(n) = 13*n**3 + 82*n**2 - 6*n + 20. Let t be y(-6). Calculate the highest common divisor of t and 16.
8
Let l = 2622 - -6468. Calculate the highest common divisor of 15 and l.
15
Let f be ((-1752)/10)/((-310)/775). What is the greatest common divisor of 12 and f?
6
Suppose 30*q - 414 = -3*b + 32*q, -3*b + 417 = -q. What is the greatest common factor of 1540 and b?
140
Let p(x) = x**3 - 17*x**2 + 7. Let t be (40/(-6) + 1)*-3. Let j be p(t). Suppose j = 3*q - 83. Calculate the highest common divisor of q and 210.
30
Let u be 136/(-6) - (-3)/(-9). Let c = u - -31. Suppose -4*o + 3*x + 73 = 0, -x = 6*o - 2*o - 61. What is the highest common factor of c and o?
8
Let g be (-1 + (-8)/(-2))/1. Let w = 38 - 22. Let t = w - 15. Calculate the greatest common divisor of t and g.
1
Let n = 1955 - 1941. Calculate the highest common divisor of 6454 and n.
14
Let s(w) be the third derivative of -19*w**4/6 - w**3/3 - 4*w**2. Let h be s(-5). Let z = h - 194. Calculate the greatest common divisor of 8 and z.
8
Suppose 256*i - 22*i - 4*i - 615940 = 0. Calculate the greatest common divisor of 26 and i.
26
Let n = -836 - -539. Let y = n + 358. What is the highest common factor of 793 and y?
61
Let g = 232 - 237. Let c be (-2)/4 + ((-6)/(-4) - g). Let b be -2 - (-68)/(2/2). Calculate the greatest common factor of b and c.
6
Suppose 4*y - o - 484 = 0, -y + 7*o = 2*o - 121. Suppose -2*z + 7*z + 105 = 0. Let s be -3 - 4/6*z. Calculate the highest common factor of y and s.
11
Let w(o) = 3*o**2 - 6*o + 5. Let q be w(13). Suppose -5*g + q = -17*a + 14*a, 3*g + 3*a - 246 = 0. Calculate the highest common divisor of g and 34.
17
Suppose 78*n - 13552 = -76*n. Calculate the greatest common factor of 594 and n.
22
Let x be -1*14/(-42)*114. Suppose 3*s - s - 988 = 0. Calculate the greatest common factor of x and s.
38
Let x(y) be the first derivative of -y**3/3 + 2*y**2 + 4*y - 1. Let h be x(4). Let j = 71139 + -71087. What is the greatest common divisor of j and h?
4
Let m(h) = -13*h - 35. Let z(c) = -c**2 + 12*c - 27. Let p be z(2). Let j be m(p). What is the greatest common factor of j and 16?
8
Let g(b) = b**3 + 21*b**2 + 13*b + 9. Let h be g(0). Calculate the greatest common divisor of 1047 and h.
3
Suppose 7*p - 16 = 3*p. Let j(y) = -43 + 72 + 2*y - 45. Let v be j(14). Calculate the greatest common divisor of p and v.
4
Let y = 2107 - 1001. Calculate the highest common factor of 70 and y.
14
Let j = -638 - -644. Suppose -16*l + 120 = -j*l. What is the highest common divisor of 852 and l?
12
Let m = -14896 - -14925. Let a(f) = 24*f**3 - 2*f**2 + 4*f - 4. Let r be a(3). What is the highest common factor of m and r?
29
Suppose -448 = -5*c + 4*l - 0*l, -2*c - 5*l = -199. Suppose 4*o = 2*a - 172, -559 = -5*a - 4*o - 87. Calculate the greatest common divisor of c and a.
92
Let o(w) = -33*w - 241. Let h be o(0). Let a(m) = -54*m**2 - 4*m - 4. Let n be a(-1). Let b = n - h. What is the highest common divisor of b and 11?
11
Let d be 3 + (-5)/(10/(-2)). Let t be (-1 - 1) + d - -212 - -2. Calculate the highest common divisor of t and 24.
24
Let k = -116 - -24. Let x be -2 + (-2 - 0 - k). Let f = -2547114 - -2547125. What is the highest common factor of x and f?
11
Let u = -733 - -5689. Calculate the highest common factor of u and 168.
84
Let i = 250 - 97. Suppose -2*q + 116 = -2*r, -i = -2*q - r - 31. What is the greatest common divisor of q and 140?
20
Let m be (-9 - -9)/(-3*2) + 41 - (-9 + 13). Let a be 3*-74*(-3)/2. Calculate the greatest common divisor of m and a.
37
Let z be (5 - (7 + -3))*(384 - 27/(-9)). What is the highest common factor of 243 and z?
9
Let s be (-10)/(-12) - (-333)/54. Suppose -s*q + 11*q = 224. Suppose -5*f + f + 32 = 0. Calculate the highest common factor of q and f.
8
Suppose 18 + 0 = s - 5*k, -2*k = -4*s + 18. Suppose 51 = -8*w + 13*w - 4*z, 2*z = s*w - 29. What is the greatest common divisor of 63 and w?
7
Suppose 2*u + 224 = -0*u. Let v = 162 + u. Calculate the greatest common factor of v and 40.
10
Let m be (-24)/(4 + -8) + (-1276)/(-29). What is the greatest common divisor of 14 and m?
2
Let y(r) = r - 12. Let n be y(8). Let b be ((-2)/n)/(3/336). Let a(k) = 21*k - 119. Let u be a(6). Calculate the greatest common divisor of u and b.
7
Let q = -23 - -65. Let d = 590362 - 589900. Calculate the greatest common factor of q and d.
42
Suppose 2*a + 2*